 of 1270924?
9
What is the tens digit of 176595?
9
What is the thousands digit of 2366523?
6
What is the hundred thousands digit of 4272231?
2
What is the millions digit of 8512427?
8
What is the hundreds digit of 20553747?
7
What is the units digit of 124641?
1
What is the tens digit of 1111643?
4
What is the units digit of 1801725?
5
What is the hundreds digit of 9690679?
6
What is the hundred thousands digit of 9950306?
9
What is the hundreds digit of 412592?
5
What is the ten thousands digit of 850035?
5
What is the units digit of 5555073?
3
What is the hundreds digit of 10200?
2
What is the hundreds digit of 335741?
7
What is the tens digit of 784286?
8
What is the millions digit of 22392153?
2
What is the millions digit of 1005432?
1
What is the units digit of 7763266?
6
What is the units digit of 1619147?
7
What is the hundreds digit of 1202033?
0
What is the hundreds digit of 11699722?
7
What is the units digit of 101541?
1
What is the thousands digit of 234303?
4
What is the thousands digit of 4892701?
2
What is the units digit of 115938?
8
What is the tens digit of 87675?
7
What is the tens digit of 203964?
6
What is the units digit of 95969?
9
What is the tens digit of 10175539?
3
What is the hundreds digit of 272574?
5
What is the ten millions digit of 16898683?
1
What is the thousands digit of 4785401?
5
What is the units digit of 44361?
1
What is the thousands digit of 21703729?
3
What is the hundred thousands digit of 200069?
2
What is the tens digit of 2975441?
4
What is the ten millions digit of 16142467?
1
What is the thousands digit of 6112759?
2
What is the tens digit of 1173239?
3
What is the units digit of 2297397?
7
What is the thousands digit of 7423164?
3
What is the millions digit of 11049785?
1
What is the ten thousands digit of 2709654?
0
What is the hundreds digit of 1382679?
6
What is the ten thousands digit of 605101?
0
What is the thousands digit of 9960560?
0
What is the hundreds digit of 1672042?
0
What is the units digit of 39043?
3
What is the units digit of 827164?
4
What is the hundreds digit of 14175637?
6
What is the ten thousands digit of 19954?
1
What is the hundred thousands digit of 964039?
9
What is the ten thousands digit of 12449072?
4
What is the units digit of 204286?
6
What is the hundreds digit of 59774?
7
What is the hundred thousands digit of 897128?
8
What is the thousands digit of 10178?
0
What is the tens digit of 6913308?
0
What is the hundred thousands digit of 1145798?
1
What is the hundreds digit of 2626?
6
What is the units digit of 977936?
6
What is the tens digit of 145389?
8
What is the hundred thousands digit of 2495008?
4
What is the units digit of 202780?
0
What is the thousands digit of 1396469?
6
What is the thousands digit of 5898472?
8
What is the hundreds digit of 49362?
3
What is the tens digit of 100812?
1
What is the units digit of 5338105?
5
What is the ten thousands digit of 1700032?
0
What is the thousands digit of 5832567?
2
What is the thousands digit of 160818?
0
What is the ten thousands digit of 88121?
8
What is the units digit of 7251013?
3
What is the tens digit of 343952?
5
What is the units digit of 288872?
2
What is the thousands digit of 90338?
0
What is the hundred thousands digit of 1307403?
3
What is the millions digit of 2422773?
2
What is the thousands digit of 47702?
7
What is the thousands digit of 4225436?
5
What is the thousands digit of 6027962?
7
What is the ten thousands digit of 500358?
0
What is the units digit of 139364?
4
What is the thousands digit of 240039?
0
What is the thousands digit of 335790?
5
What is the ten thousands digit of 8495070?
9
What is the hundreds digit of 4273978?
9
What is the units digit of 2087867?
7
What is the millions digit of 1750668?
1
What is the ten thousands digit of 1130097?
3
What is the tens digit of 32919?
1
What is the tens digit of 144768?
6
What is the units digit of 5678860?
0
What is the units digit of 11906?
6
What is the tens digit of 67304?
0
What is the ten thousands digit of 219799?
1
What is the thousands digit of 1565454?
5
What is the ten thousands digit of 198784?
9
What is the ten thousands digit of 290733?
9
What is the units digit of 344968?
8
What is the millions digit of 5950992?
5
What is the units digit of 1311631?
1
What is the thousands digit of 329238?
9
What is the ten thousands digit of 685381?
8
What is the units digit of 13098785?
5
What is the units digit of 6035627?
7
What is the tens digit of 282677?
7
What is the millions digit of 2386105?
2
What is the thousands digit of 1037010?
7
What is the hundreds digit of 8505143?
1
What is the hundred thousands digit of 325976?
3
What is the tens digit of 210322?
2
What is the units digit of 301603?
3
What is the ten thousands digit of 4606708?
0
What is the hundred thousands digit of 10740294?
7
What is the units digit of 10383647?
7
What is the thousands digit of 1808731?
8
What is the tens digit of 140093?
9
What is the tens digit of 4428582?
8
What is the ten thousands digit of 26548?
2
What is the units digit of 377240?
0
What is the tens digit of 989925?
2
What is the ten thousands digit of 295592?
9
What is the thousands digit of 1427325?
7
What is the tens digit of 8790557?
5
What is the ten thousands digit of 549276?
4
What is the hundreds digit of 375326?
3
What is the hundred thousands digit of 1239814?
2
What is the units digit of 888330?
0
What is the units digit of 1630830?
0
What is the hundred thousands digit of 5150217?
1
What is the hundreds digit of 94090?
0
What is the millions digit of 3279698?
3
What is the tens digit of 122842?
4
What is the tens digit of 307999?
9
What is the millions digit of 11622089?
1
What is the tens digit of 488656?
5
What is the ten thousands digit of 281794?
8
What is the units digit of 1125060?
0
What is the hundred thousands digit of 14497780?
4
What is the hundreds digit of 4427003?
0
What is the millions digit of 1701604?
1
What is the thousands digit of 651974?
1
What is the units digit of 1189973?
3
What is the hundred thousands digit of 712256?
7
What is the ten millions digit of 17365978?
1
What is the tens digit of 91328?
2
What is the units digit of 131538?
8
What is the millions digit of 1989276?
1
What is the units digit of 200519?
9
What is the hundred thousands digit of 2712549?
7
What is the millions digit of 1099698?
1
What is the units digit of 223311?
1
What is the tens digit of 242669?
6
What is the tens digit of 5550682?
8
What is the millions digit of 1676012?
1
What is the millions digit of 9700748?
9
What is the thousands digit of 9740722?
0
What is the tens digit of 223167?
6
What is the ten thousands digit of 8003533?
0
What is the tens digit of 1525403?
0
What is the hundred thousands digit of 7958367?
9
What is the hundred thousands digit of 3927206?
9
What is the units digit of 374155?
5
What is the hundred thousands digit of 307185?
3
What is the hundreds digit of 21631790?
7
What is the units digit of 963978?
8
What is the hundreds digit of 33087325?
3
What is the ten thousands digit of 433970?
3
What is the hundreds digit of 1296072?
0
What is the millions digit of 5771492?
5
What is the hundred thousands digit of 435275?
4
What is the hundred thousands digit of 4838879?
8
What is the hundred thousands digit of 899338?
8
What is the tens digit of 2981901?
0
What is the units digit of 799949?
9
What is the units digit of 428609?
9
What is the ten thousands digit of 4051933?
5
What is the units digit of 1393172?
2
What is the thousands digit of 174639?
4
What is the hundred thousands digit of 514246?
5
What is the thousands digit of 1363787?
3
What is the thousands digit of 685486?
5
What is the tens digit of 260010?
1
What is the units digit of 26842?
2
What is the thousands digit of 263616?
3
What is the tens digit of 3684739?
3
What is the hundreds digit of 984875?
8
What is the tens digit of 181235?
3
What is the hundred thousands digit of 449857?
4
What is the thousands digit of 217303?
7
What is the hundred thousands digit of 800890?
8
What is the hundred thousands digit of 379832?
3
What is the thousands digit of 101556?
1
What is the tens digit of 330969?
6
What is the hundred thousands digit of 727710?
7
What is the thousands digit of 875494